[INFO] fetching crate mantle-test 0.2.0...
[INFO] checking mantle-test-0.2.0 against try#72f88fc4e9458f89516a0b8b0868f3718aec5b47 for pr-74989
[INFO] extracting crate mantle-test 0.2.0 into /workspace/builds/worker-1/source
[INFO] validating manifest of crates.io crate mantle-test 0.2.0 on toolchain 72f88fc4e9458f89516a0b8b0868f3718aec5b47
[INFO] running `Command { std: "/workspace/cargo-home/bin/cargo" "+72f88fc4e9458f89516a0b8b0868f3718aec5b47" "read-manifest" "--manifest-path" "Cargo.toml", kill_on_drop: false }`
[INFO] started tweaking crates.io crate mantle-test 0.2.0
[INFO] finished tweaking crates.io crate mantle-test 0.2.0
[INFO] tweaked toml for crates.io crate mantle-test 0.2.0 written to /workspace/builds/worker-1/source/Cargo.toml
[INFO] running `Command { std: "/workspace/cargo-home/bin/cargo" "+72f88fc4e9458f89516a0b8b0868f3718aec5b47" "generate-lockfile" "--manifest-path" "Cargo.toml" "-Zno-index-update", kill_on_drop: false }`
[INFO] running `Command { std: "/workspace/cargo-home/bin/cargo" "+72f88fc4e9458f89516a0b8b0868f3718aec5b47" "fetch" "--locked" "--manifest-path" "Cargo.toml", kill_on_drop: false }`
[INFO] [stderr]     Blocking waiting for file lock on package cache
[INFO] [stderr]  Downloading crates ...
[INFO] [stderr]   Downloaded proc-quote-impl v0.2.2
[INFO] [stderr]   Downloaded tiny-keccak v1.5.0
[INFO] [stderr]   Downloaded proc-quote v0.2.2
[INFO] [stderr]   Downloaded memchain v0.2.4
[INFO] [stderr]   Downloaded mantle-macros v0.2.1
[INFO] [stderr]   Downloaded mantle-types v0.2.0
[INFO] running `Command { std: "docker" "create" "-v" "/var/lib/crater-agent-workspace/builds/worker-1/target:/opt/rustwide/target:rw,Z" "-v" "/var/lib/crater-agent-workspace/builds/worker-1/source:/opt/rustwide/workdir:ro,Z" "-v" "/var/lib/crater-agent-workspace/cargo-home:/opt/rustwide/cargo-home:ro,Z" "-v" "/var/lib/crater-agent-workspace/rustup-home:/opt/rustwide/rustup-home:ro,Z" "-e" "SOURCE_DIR=/opt/rustwide/workdir" "-e" "CARGO_TARGET_DIR=/opt/rustwide/target" "-e" "CARGO_HOME=/opt/rustwide/cargo-home" "-e" "RUSTUP_HOME=/opt/rustwide/rustup-home" "-w" "/opt/rustwide/workdir" "-m" "1610612736" "--user" "0:0" "--network" "none" "rustops/crates-build-env@sha256:d92eaeed33fa75130ca1ee6c8a01d1ffb62bac859dfdfb3450e3e5d1c0146529" "/opt/rustwide/cargo-home/bin/cargo" "+72f88fc4e9458f89516a0b8b0868f3718aec5b47" "metadata" "--no-deps" "--format-version=1", kill_on_drop: false }`
[INFO] [stderr] WARNING: Your kernel does not support swap limit capabilities or the cgroup is not mounted. Memory limited without swap.
[INFO] [stdout] 9515cd725e17f5f6a3a2c0a1893c851b132b7b4b8ec579fe28db7270c0c881bc
[INFO] running `Command { std: "docker" "start" "-a" "9515cd725e17f5f6a3a2c0a1893c851b132b7b4b8ec579fe28db7270c0c881bc", kill_on_drop: false }`
[INFO] running `Command { std: "docker" "inspect" "9515cd725e17f5f6a3a2c0a1893c851b132b7b4b8ec579fe28db7270c0c881bc", kill_on_drop: false }`
[INFO] running `Command { std: "docker" "rm" "-f" "9515cd725e17f5f6a3a2c0a1893c851b132b7b4b8ec579fe28db7270c0c881bc", kill_on_drop: false }`
[INFO] [stdout] 9515cd725e17f5f6a3a2c0a1893c851b132b7b4b8ec579fe28db7270c0c881bc
[INFO] running `Command { std: "docker" "create" "-v" "/var/lib/crater-agent-workspace/builds/worker-1/target:/opt/rustwide/target:rw,Z" "-v" "/var/lib/crater-agent-workspace/builds/worker-1/source:/opt/rustwide/workdir:ro,Z" "-v" "/var/lib/crater-agent-workspace/cargo-home:/opt/rustwide/cargo-home:ro,Z" "-v" "/var/lib/crater-agent-workspace/rustup-home:/opt/rustwide/rustup-home:ro,Z" "-e" "SOURCE_DIR=/opt/rustwide/workdir" "-e" "CARGO_TARGET_DIR=/opt/rustwide/target" "-e" "CARGO_INCREMENTAL=0" "-e" "RUST_BACKTRACE=full" "-e" "RUSTFLAGS=--cap-lints=forbid" "-e" "CARGO_HOME=/opt/rustwide/cargo-home" "-e" "RUSTUP_HOME=/opt/rustwide/rustup-home" "-w" "/opt/rustwide/workdir" "-m" "1610612736" "--user" "0:0" "--network" "none" "rustops/crates-build-env@sha256:d92eaeed33fa75130ca1ee6c8a01d1ffb62bac859dfdfb3450e3e5d1c0146529" "/opt/rustwide/cargo-home/bin/cargo" "+72f88fc4e9458f89516a0b8b0868f3718aec5b47" "check" "--frozen" "--all" "--all-targets" "--message-format=json", kill_on_drop: false }`
[INFO] [stdout] cc893c649317c500cb86bbdd49215e092f355679fd78b14772c9788ccdf2ed9a
[INFO] [stderr] WARNING: Your kernel does not support swap limit capabilities or the cgroup is not mounted. Memory limited without swap.
[INFO] running `Command { std: "docker" "start" "-a" "cc893c649317c500cb86bbdd49215e092f355679fd78b14772c9788ccdf2ed9a", kill_on_drop: false }`
[INFO] [stderr]    Compiling proc-macro2 v1.0.21
[INFO] [stderr]    Compiling unicode-xid v0.1.0
[INFO] [stderr]    Compiling unicode-xid v0.2.1
[INFO] [stderr]    Compiling syn v1.0.40
[INFO] [stderr]    Compiling memchr v2.3.3
[INFO] [stderr]    Compiling syn v0.15.44
[INFO] [stderr]    Compiling lazy_static v1.4.0
[INFO] [stderr]    Compiling anyhow v1.0.32
[INFO] [stderr]    Compiling serde_derive v1.0.116
[INFO] [stderr]    Compiling serde v1.0.116
[INFO] [stderr]     Checking hex v0.3.2
[INFO] [stderr]    Compiling crunchy v0.2.2
[INFO] [stderr]    Compiling tiny-keccak v1.5.0
[INFO] [stderr]    Compiling proc-macro2 v0.4.30
[INFO] [stderr]    Compiling thread_local v1.0.1
[INFO] [stderr]    Compiling aho-corasick v0.7.13
[INFO] [stderr]    Compiling quote v0.6.13
[INFO] [stderr]    Compiling proc-quote-impl v0.2.2
[INFO] [stderr]    Compiling quote v1.0.7
[INFO] [stderr]    Compiling regex v1.3.9
[INFO] [stderr]    Compiling thiserror-impl v1.0.20
[INFO] [stderr]     Checking thiserror v1.0.20
[INFO] [stderr]    Compiling proc-quote v0.2.2
[INFO] [stderr]    Compiling derive_more v0.15.0
[INFO] [stderr]    Compiling mantle-macros v0.2.1
[INFO] [stderr]     Checking oasis-types v0.3.2
[INFO] [stderr]     Checking blockchain-traits v0.2.3
[INFO] [stderr]     Checking memchain v0.2.4
[INFO] [stderr]     Checking mantle-types v0.2.0
[INFO] [stdout] error[E0404]: expected trait, found struct `blockchain_traits::Address`
[INFO] [stdout]   --> /opt/rustwide/cargo-home/registry/src/github.com-1ecc6299db9ec823/mantle-types-0.2.0/src/lib.rs:35:6
[INFO] [stdout]    |
[INFO] [stdout] 35 | impl blockchain_traits::Address for Address {
[INFO] [stdout]    |      ^^^^^^^^^^^^^^^^^^^^^^^^^^ not a trait
[INFO] [stdout] 
[INFO] [stdout] 
[INFO] [stdout] error[E0404]: expected trait, found struct `blockchain_traits::AccountMeta`
[INFO] [stdout]   --> /opt/rustwide/cargo-home/registry/src/github.com-1ecc6299db9ec823/mantle-types-0.2.0/src/lib.rs:72:6
[INFO] [stdout]    |
[INFO] [stdout] 72 | impl blockchain_traits::AccountMeta for AccountMeta {
[INFO] [stdout]    |      ^^^^^^^^^^^^^^^^^^^^^^^^^^^^^^ not a trait
[INFO] [stdout] 
[INFO] [stdout] 
[INFO] [stdout] error[E0404]: expected trait, found struct `blockchain_traits::Event`
[INFO] [stdout]   --> /opt/rustwide/cargo-home/registry/src/github.com-1ecc6299db9ec823/mantle-types-0.2.0/src/lib.rs:84:6
[INFO] [stdout]    |
[INFO] [stdout] 84 | impl blockchain_traits::Event for Event {
[INFO] [stdout]    |      ^^^^^^^^^^^^^^^^^^^^^^^^ not a trait
[INFO] [stdout] 
[INFO] [stdout] 
[INFO] [stdout] error[E0603]: struct `Address` is private
[INFO] [stdout]   --> /opt/rustwide/cargo-home/registry/src/github.com-1ecc6299db9ec823/mantle-types-0.2.0/src/lib.rs:35:25
[INFO] [stdout]    |
[INFO] [stdout] 35 | impl blockchain_traits::Address for Address {
[INFO] [stdout]    |                         ^^^^^^^ private struct
[INFO] [stdout]    |
[INFO] [stdout] note: the struct `Address` is defined here
[INFO] [stdout]   --> /opt/rustwide/cargo-home/registry/src/github.com-1ecc6299db9ec823/blockchain-traits-0.2.3/src/lib.rs:3:32
[INFO] [stdout]    |
[INFO] [stdout] 3  | use oasis_types::{AccountMeta, Address, Event};
[INFO] [stdout]    |                                ^^^^^^^
[INFO] [stdout] 
[INFO] [stdout] 
[INFO] [stdout] error[E0603]: struct `AccountMeta` is private
[INFO] [stdout]   --> /opt/rustwide/cargo-home/registry/src/github.com-1ecc6299db9ec823/mantle-types-0.2.0/src/lib.rs:72:25
[INFO] [stdout]    |
[INFO] [stdout] 72 | impl blockchain_traits::AccountMeta for AccountMeta {
[INFO] [stdout]    |                         ^^^^^^^^^^^ private struct
[INFO] [stdout]    |
[INFO] [stdout] note: the struct `AccountMeta` is defined here
[INFO] [stdout]   --> /opt/rustwide/cargo-home/registry/src/github.com-1ecc6299db9ec823/blockchain-traits-0.2.3/src/lib.rs:3:19
[INFO] [stdout]    |
[INFO] [stdout] 3  | use oasis_types::{AccountMeta, Address, Event};
[INFO] [stdout]    |                   ^^^^^^^^^^^
[INFO] [stdout] 
[INFO] [stdout] 
[INFO] [stdout] error[E0603]: struct `Event` is private
[INFO] [stdout]   --> /opt/rustwide/cargo-home/registry/src/github.com-1ecc6299db9ec823/mantle-types-0.2.0/src/lib.rs:84:25
[INFO] [stdout]    |
[INFO] [stdout] 84 | impl blockchain_traits::Event for Event {
[INFO] [stdout]    |                         ^^^^^ private struct
[INFO] [stdout]    |
[INFO] [stdout] note: the struct `Event` is defined here
[INFO] [stdout]   --> /opt/rustwide/cargo-home/registry/src/github.com-1ecc6299db9ec823/blockchain-traits-0.2.3/src/lib.rs:3:41
[INFO] [stdout]    |
[INFO] [stdout] 3  | use oasis_types::{AccountMeta, Address, Event};
[INFO] [stdout]    |                                         ^^^^^
[INFO] [stdout] 
[INFO] [stdout] 
[INFO] [stdout] error: aborting due to 6 previous errors
[INFO] [stdout] 
[INFO] [stdout] 
[INFO] [stdout] Some errors have detailed explanations: E0404, E0603.
[INFO] [stdout] 
[INFO] [stdout] For more information about an error, try `rustc --explain E0404`.
[INFO] [stdout] 
[INFO] [stderr] error: could not compile `mantle-types`.
[INFO] [stderr] 
[INFO] [stderr] To learn more, run the command again with --verbose.
[INFO] running `Command { std: "docker" "inspect" "cc893c649317c500cb86bbdd49215e092f355679fd78b14772c9788ccdf2ed9a", kill_on_drop: false }`
[INFO] running `Command { std: "docker" "rm" "-f" "cc893c649317c500cb86bbdd49215e092f355679fd78b14772c9788ccdf2ed9a", kill_on_drop: false }`
[INFO] [stdout] cc893c649317c500cb86bbdd49215e092f355679fd78b14772c9788ccdf2ed9a
